{"id":466,"date":"2017-10-17T16:22:20","date_gmt":"2017-10-17T16:22:20","guid":{"rendered":"http:\/\/awo-koenigswinter.de\/?page_id=466"},"modified":"2022-11-17T16:04:28","modified_gmt":"2022-11-17T16:04:28","slug":"rueckblick-2017","status":"publish","type":"page","link":"https:\/\/awo-koenigswinter.de\/?page_id=466","title":{"rendered":"R\u00fcckblick 2017"},"content":{"rendered":"<p>&nbsp;<\/p>\n<p><strong>18. M\u00e4rz<\/strong>\u00a0 <strong>Besuch des Planetariums Bochum<\/strong><\/p>\n<p>Am Samstag, dem 18. M\u00e4rz, ging unsere erste Tagesfahrt in diesem Jahr nach Bochum. Zun\u00e4chst besuchten wir den reichlich unbekannten, aber sehr sehenswerten Chinesischen Garten der Universit\u00e4t Bochum. Anschlie\u00dfend gingen wir im Bochumer Planetarium im Rahmen einer Astronautenshow ins Weltall und entdecken den in einer faszinierenden 3 D Animation den Sternenhimmel.<\/p>\n<p><strong>20. Mai\u00a0\u00a0\u00a0 <\/strong><strong>Besichtigung der Koblenzer Altstadt und der Burg Ehrenbreitstein<\/strong><\/p>\n<p><strong>08. Juli<\/strong>\u00a0\u00a0\u00a0 <strong>Fahrt zum Geysir nach Andernach, <\/strong><strong>Naturschauspiel aus n\u00e4chster N\u00e4he \u2013<br \/>\n<\/strong><br \/>\nAm 8. Juli gingt die n\u00e4chste AWO-Tagesfahrt zu diesem spektakul\u00e4ren Naturschauspiel. Diese Attraktion bestand aus einem dreiteiligen abwechslungsreichen Programm. Die Expedition begann zun\u00e4chst im Geysirzentrum, dann ging es auf das Schiff, und anschlie\u00dfend musste man 250 m zur Halbinsel Namedyer Werth gehen, um die Eruption zu beobachten.Das war aber noch nicht alles. Vorher besuchten wir das Schloss Monrepos mitten in den Weinbergen bei Neuwied. Wir unternahmen eine packende Urzeitreise zum eigenen Verhalten. \u201eMenschliches Verstehen\u201c und Verhalten seit 2,5 Millionen Jahren wurde in unterhaltsamer Weise auch an Hand von Fundst\u00fccken dargeboten.<\/p>\n<p>&nbsp;<\/p>\n<p class=\"ydpf97fe318yiv5307268383msonormal\"><strong>14.Okt. ein Tag auf seidenen Spuren<\/strong><\/p>\n<p class=\"ydpf97fe318yiv5307268383msonormal\">Die Seidenstadt Krefeld war das Ausflugsziel der AWO K\u00f6nigswinter am letzten Samstag. Die 35 Teilnehmern besuchten das Haus der Seidenkultur und lie\u00dfen sich \u00fcber den Aufstieg als reiche Stadt der &#8222;Seidenbarone&#8220; vom 16. Jahrhundert an informieren und konnten alte Jacquardwebst\u00fchle in Aktion sehen. Nach der F\u00fchrung ging es \u00fcber die &#8222;kleine Seidenstra\u00dfe&#8220;, den S\u00fcdwall, zu einem Niederrheinischen Brauhaus, in dem es unter anderem ein geschmackvolles &#8222;Seidens\u00fcppchen&#8220; gab. Eine Rundfahrt durch die Stadt mit ihren imposanten Villen, die den vergangenen Reichtum\u00a0 widerspiegelten, endete vor der Burg Linn, die in einem der zahlreichen Parks liegt. Die Gruppe lernte allerdings auch Zukunftstechnologien auf der Basis von Stoffen kennen, die aus modernen Krefelder Fabriken stammen. Die Fahrt war also nicht nur in die Vergangenheit gerichtet, sondern enthielt auch interessante Informationen dar\u00fcber, wie sich die Stadt f\u00fcr die Zukunft r\u00fcstet.AWO-Reiseleiterin Ulrike Ries freute sich: &#8222;Das war ein wundersch\u00f6ner Tag, den wir bei strahlendem Sonnenschein in einer gr\u00fcnen Stadt genie\u00dfen konnten.&#8220;<\/p>\n<p>&nbsp;<\/p>\n<p><img loading=\"lazy\" decoding=\"async\" class=\"alignnone wp-image-480 size-large\" src=\"http:\/\/awo-koenigswinter.de\/wp-content\/uploads\/2017\/10\/Krefeld-2017-1024x577.jpg\" alt=\"\" width=\"1024\" height=\"577\" srcset=\"https:\/\/awo-koenigswinter.de\/wp-content\/uploads\/2017\/10\/Krefeld-2017-1024x577.jpg 1024w, https:\/\/awo-koenigswinter.de\/wp-content\/uploads\/2017\/10\/Krefeld-2017-300x169.jpg 300w, https:\/\/awo-koenigswinter.de\/wp-content\/uploads\/2017\/10\/Krefeld-2017-768x433.jpg 768w\" sizes=\"auto, (max-width: 1024px) 100vw, 1024px\" \/><\/p>\n<p>&nbsp;<\/p>\n<p><strong>28. August bis 2. September\u00a0\u00a0\u00a0 Von der Elbphilharmonie zur Heidebl\u00fcte<\/strong><\/p>\n<p>Au\u00dfergew\u00f6nliche Eindr\u00fccke bekamen 45 G\u00e4ste der AWO-Wochenfahrt vom in die L\u00fcneburger Heide mit dem H\u00f6hepunkt der Besichtigung der Elbphilharmonie. Zu Beginn gab es eine Konzerthausf\u00fchrung in der Hamburger Elbphilharmonie. Im gro\u00dfen Konzertsaal konnten sie die hervorragende Akustik bei der Probe eines Cellisten genie\u00dfen, ein Erlebnis, das sie so schnell nicht vergessen werden. Weitere Ausfl\u00fcge unternahmen die Teilnehmer nach L\u00fcnenburg und Celle, besuchten einen Gutshof aus dem Jahre 1540, gingen durch ein Hochmoor bei Schneverdingen und bestaunten Hunderte von Pflanzensorten im Heidegarten. Auch als 330 Heidschnucken am Morgen aus dem Stall getrieben wurden,war die AWO-Gruppe dabei. Und nat\u00fcrlich durfte eine Kutschfahrt durch die Heide nicht fehlen. Dass das Wetter ebenfalls mitspielte, lie\u00df die Reise zu einer erlebnisreichen Fahrt und einem erholsamen Aufenthalt in der L\u00fcneburger Heide werden.<\/p>\n<p><img loading=\"lazy\" decoding=\"async\" class=\"alignnone wp-image-444 size-large\" src=\"http:\/\/awo-koenigswinter.de\/wp-content\/uploads\/2016\/02\/Elbphilharmonie2017-1024x577.jpg\" alt=\"\" width=\"1024\" height=\"577\" srcset=\"https:\/\/awo-koenigswinter.de\/wp-content\/uploads\/2016\/02\/Elbphilharmonie2017-1024x577.jpg 1024w, https:\/\/awo-koenigswinter.de\/wp-content\/uploads\/2016\/02\/Elbphilharmonie2017-300x169.jpg 300w, https:\/\/awo-koenigswinter.de\/wp-content\/uploads\/2016\/02\/Elbphilharmonie2017-768x433.jpg 768w\" sizes=\"auto, (max-width: 1024px) 100vw, 1024px\" \/><\/p>\n<p>&nbsp;<\/p>\n","protected":false},"excerpt":{"rendered":"<p>&nbsp; 18. M\u00e4rz\u00a0 Besuch des Planetariums Bochum Am Samstag, dem 18. M\u00e4rz, ging unsere erste Tagesfahrt in diesem Jahr nach Bochum. Zun\u00e4chst besuchten wir den reichlich unbekannten, aber sehr sehenswerten Chinesischen Garten der Universit\u00e4t Bochum. Anschlie\u00dfend gingen wir im Bochumer <span class=\"excerpt-dots\">&hellip;<\/span> <a class=\"more-link\" href=\"https:\/\/awo-koenigswinter.de\/?page_id=466\"><span class=\"more-msg\">Weiterlesen &rarr;<\/span><\/a><\/p>\n","protected":false},"author":1,"featured_media":0,"parent":34,"menu_order":19,"comment_status":"open","ping_status":"closed","template":"","meta":{"footnotes":""},"class_list":["post-466","page","type-page","status-publish","hentry"],"_links":{"self":[{"href":"https:\/\/awo-koenigswinter.de\/index.php?rest_route=\/wp\/v2\/pages\/466","targetHints":{"allow":["GET"]}}],"collection":[{"href":"https:\/\/awo-koenigswinter.de\/index.php?rest_route=\/wp\/v2\/pages"}],"about":[{"href":"https:\/\/awo-koenigswinter.de\/index.php?rest_route=\/wp\/v2\/types\/page"}],"author":[{"embeddable":true,"href":"https:\/\/awo-koenigswinter.de\/index.php?rest_route=\/wp\/v2\/users\/1"}],"replies":[{"embeddable":true,"href":"https:\/\/awo-koenigswinter.de\/index.php?rest_route=%2Fwp%2Fv2%2Fcomments&post=466"}],"version-history":[{"count":7,"href":"https:\/\/awo-koenigswinter.de\/index.php?rest_route=\/wp\/v2\/pages\/466\/revisions"}],"predecessor-version":[{"id":519,"href":"https:\/\/awo-koenigswinter.de\/index.php?rest_route=\/wp\/v2\/pages\/466\/revisions\/519"}],"up":[{"embeddable":true,"href":"https:\/\/awo-koenigswinter.de\/index.php?rest_route=\/wp\/v2\/pages\/34"}],"wp:attachment":[{"href":"https:\/\/awo-koenigswinter.de\/index.php?rest_route=%2Fwp%2Fv2%2Fmedia&parent=466"}],"curies":[{"name":"wp","href":"https:\/\/api.w.org\/{rel}","templated":true}]}}

Rückblick 2017

<p>&nbsp;</p>
<p><strong>18. März</strong>  <strong>Besuch des Planetariums Bochum</strong></p>
<p>Am Samstag, dem 18. März, ging unsere erste Tagesfahrt in diesem Jahr nach Bochum. Zunächst besuchten wir den reichlich unbekannten, aber sehr sehenswerten Chinesischen Garten der Universität Bochum. Anschließend gingen wir im Bochumer Planetarium im Rahmen einer Astronautenshow ins Weltall und entdecken den in einer faszinierenden 3 D Animation den Sternenhimmel.</p>
<p><strong>20. Mai    </strong><strong>Besichtigung der Koblenzer Altstadt und der Burg Ehrenbreitstein</strong></p>
<p><strong>08. Juli</strong>    <strong>Fahrt zum Geysir nach Andernach, </strong><strong>Naturschauspiel aus nächster Nähe –<br />
</strong><br />
Am 8. Juli gingt die nächste AWO-Tagesfahrt zu diesem spektakulären Naturschauspiel. Diese Attraktion bestand aus einem dreiteiligen abwechslungsreichen Programm. Die Expedition begann zunächst im Geysirzentrum, dann ging es auf das Schiff, und anschließend musste man 250 m zur Halbinsel Namedyer Werth gehen, um die Eruption zu beobachten.Das war aber noch nicht alles. Vorher besuchten wir das Schloss Monrepos mitten in den Weinbergen bei Neuwied. Wir unternahmen eine packende Urzeitreise zum eigenen Verhalten. „Menschliches Verstehen“ und Verhalten seit 2,5 Millionen Jahren wurde in unterhaltsamer Weise auch an Hand von Fundstücken dargeboten.</p>
<p>&nbsp;</p>
<p class="ydpf97fe318yiv5307268383msonormal"><strong>14.Okt. ein Tag auf seidenen Spuren</strong></p>
<p class="ydpf97fe318yiv5307268383msonormal">Die Seidenstadt Krefeld war das Ausflugsziel der AWO Königswinter am letzten Samstag. Die 35 Teilnehmern besuchten das Haus der Seidenkultur und ließen sich über den Aufstieg als reiche Stadt der &#8222;Seidenbarone&#8220; vom 16. Jahrhundert an informieren und konnten alte Jacquardwebstühle in Aktion sehen. Nach der Führung ging es über die &#8222;kleine Seidenstraße&#8220;, den Südwall, zu einem Niederrheinischen Brauhaus, in dem es unter anderem ein geschmackvolles &#8222;Seidensüppchen&#8220; gab. Eine Rundfahrt durch die Stadt mit ihren imposanten Villen, die den vergangenen Reichtum  widerspiegelten, endete vor der Burg Linn, die in einem der zahlreichen Parks liegt. Die Gruppe lernte allerdings auch Zukunftstechnologien auf der Basis von Stoffen kennen, die aus modernen Krefelder Fabriken stammen. Die Fahrt war also nicht nur in die Vergangenheit gerichtet, sondern enthielt auch interessante Informationen darüber, wie sich die Stadt für die Zukunft rüstet.AWO-Reiseleiterin Ulrike Ries freute sich: &#8222;Das war ein wunderschöner Tag, den wir bei strahlendem Sonnenschein in einer grünen Stadt genießen konnten.&#8220;</p>
<p>&nbsp;</p>
<p><img loading="lazy" decoding="async" class="alignnone wp-image-480 size-large" src="http://awo-koenigswinter.de/wp-content/uploads/2017/10/Krefeld-2017-1024x577.jpg" alt="" width="1024" height="577" srcset="https://awo-koenigswinter.de/wp-content/uploads/2017/10/Krefeld-2017-1024x577.jpg 1024w, https://awo-koenigswinter.de/wp-content/uploads/2017/10/Krefeld-2017-300x169.jpg 300w, https://awo-koenigswinter.de/wp-content/uploads/2017/10/Krefeld-2017-768x433.jpg 768w" sizes="auto, (max-width: 1024px) 100vw, 1024px" /></p>
<p>&nbsp;</p>
<p><strong>28. August bis 2. September    Von der Elbphilharmonie zur Heideblüte</strong></p>
<p>Außergewönliche Eindrücke bekamen 45 Gäste der AWO-Wochenfahrt vom in die Lüneburger Heide mit dem Höhepunkt der Besichtigung der Elbphilharmonie. Zu Beginn gab es eine Konzerthausführung in der Hamburger Elbphilharmonie. Im großen Konzertsaal konnten sie die hervorragende Akustik bei der Probe eines Cellisten genießen, ein Erlebnis, das sie so schnell nicht vergessen werden. Weitere Ausflüge unternahmen die Teilnehmer nach Lünenburg und Celle, besuchten einen Gutshof aus dem Jahre 1540, gingen durch ein Hochmoor bei Schneverdingen und bestaunten Hunderte von Pflanzensorten im Heidegarten. Auch als 330 Heidschnucken am Morgen aus dem Stall getrieben wurden,war die AWO-Gruppe dabei. Und natürlich durfte eine Kutschfahrt durch die Heide nicht fehlen. Dass das Wetter ebenfalls mitspielte, ließ die Reise zu einer erlebnisreichen Fahrt und einem erholsamen Aufenthalt in der Lüneburger Heide werden.</p>
<p><img loading="lazy" decoding="async" class="alignnone wp-image-444 size-large" src="http://awo-koenigswinter.de/wp-content/uploads/2016/02/Elbphilharmonie2017-1024x577.jpg" alt="" width="1024" height="577" srcset="https://awo-koenigswinter.de/wp-content/uploads/2016/02/Elbphilharmonie2017-1024x577.jpg 1024w, https://awo-koenigswinter.de/wp-content/uploads/2016/02/Elbphilharmonie2017-300x169.jpg 300w, https://awo-koenigswinter.de/wp-content/uploads/2016/02/Elbphilharmonie2017-768x433.jpg 768w" sizes="auto, (max-width: 1024px) 100vw, 1024px" /></p>
<p>&nbsp;</p>

<p>&nbsp; 18. März  Besuch des Planetariums Bochum Am Samstag, dem 18. März, ging unsere erste Tagesfahrt in diesem Jahr nach Bochum. Zunächst besuchten wir den reichlich unbekannten, aber sehr sehenswerten Chinesischen Garten der Universität Bochum. Anschließend gingen wir im Bochumer <span class="excerpt-dots">&hellip;</span> <a class="more-link" href="https://awo-koenigswinter.de/?page_id=466"><span class="more-msg">Weiterlesen &rarr;</span></a></p>
