{"id":27,"date":"2016-02-29T16:17:33","date_gmt":"2016-02-29T16:17:33","guid":{"rendered":"http:\/\/awo-koenigswinter.de\/?page_id=27"},"modified":"2026-01-13T16:18:14","modified_gmt":"2026-01-13T16:18:14","slug":"veranstaltungen","status":"publish","type":"page","link":"https:\/\/awo-koenigswinter.de\/?page_id=27","title":{"rendered":"Veranstaltungen"},"content":{"rendered":"<p>&nbsp;<\/p>\n<table width=\"948\">\n<tbody>\n<tr>\n<td width=\"165\"><strong>AWO-Termine 2026<\/strong><\/td>\n<td width=\"34\"><\/td>\n<td width=\"749\"><\/td>\n<\/tr>\n<tr>\n<td width=\"165\">18.\u00a0 Februar<\/td>\n<td width=\"34\"><\/td>\n<td width=\"749\">AWO alaaf: Rosenmontagsparty ab 13 Uhr im AWO&#8211;Treff<\/td>\n<\/tr>\n<tr>\n<td width=\"165\">01. April<\/td>\n<td width=\"34\"><\/td>\n<td width=\"749\">Fahrt nach K\u00f6ln &#8222;Kirchen, Kunst und K\u00f6lsch&#8220;<\/td>\n<\/tr>\n<tr>\n<td width=\"165\">13. Mai<\/td>\n<td width=\"34\"><\/td>\n<td width=\"749\">Fahrt nach Andernach zum Kaltwassergeysir<\/td>\n<\/tr>\n<tr>\n<td width=\"165\">13. Juni<\/td>\n<td width=\"34\"><\/td>\n<td width=\"749\">AWO-Fr\u00fchlingsfest<\/td>\n<\/tr>\n<tr>\n<td width=\"165\">12. bis 17. Juli<\/td>\n<td width=\"34\"><\/td>\n<td width=\"749\">Wochenfahrt nach Endingen am Kaiserstuhl<\/td>\n<\/tr>\n<tr>\n<td width=\"165\">12. August<\/td>\n<td width=\"34\"><\/td>\n<td width=\"749\">Fahrt nach Hattingen<\/td>\n<\/tr>\n<tr>\n<td width=\"165\">09. September<\/td>\n<td width=\"34\"><\/td>\n<td width=\"749\">Fahrt nach Zons<\/td>\n<\/tr>\n<tr>\n<td width=\"165\">10. Oktober<\/td>\n<td width=\"34\"><\/td>\n<td width=\"749\">Jahreshauptversammlung 14:00 Uhr und Kartoffelfest 15:00 Uhr<\/td>\n<\/tr>\n<tr>\n<td width=\"165\">14. November<\/td>\n<td width=\"34\"><\/td>\n<td width=\"749\">Adventsbasar ab 12:00 Uhr<\/td>\n<\/tr>\n<tr>\n<td width=\"165\">02. Dezember<\/td>\n<td width=\"34\"><\/td>\n<td width=\"749\">Weihnachtsfahrt zum Schloss Merode<\/td>\n<\/tr>\n<tr>\n<td width=\"165\"><\/td>\n<td width=\"34\"><\/td>\n<td width=\"749\">Der Termin f\u00fcr die Weihnachtsfeier steht noch nicht fest<\/td>\n<\/tr>\n<tr>\n<td width=\"165\"><\/td>\n<td width=\"34\"><\/td>\n<td width=\"749\"><\/td>\n<\/tr>\n<tr>\n<td width=\"165\"><\/td>\n<td width=\"34\"><\/td>\n<td width=\"749\"><\/td>\n<\/tr>\n<tr>\n<td width=\"165\"><\/td>\n<td width=\"34\"><\/td>\n<td width=\"749\"><\/td>\n<\/tr>\n<tr>\n<td width=\"165\"><\/td>\n<td width=\"34\"><\/td>\n<td width=\"749\"><\/td>\n<\/tr>\n<\/tbody>\n<\/table>\n","protected":false},"excerpt":{"rendered":"<p>&nbsp; AWO-Termine 2026 18.\u00a0 Februar AWO alaaf: Rosenmontagsparty ab 13 Uhr im AWO&#8211;Treff 01. April Fahrt nach K\u00f6ln &#8222;Kirchen, Kunst und K\u00f6lsch&#8220; 13. Mai Fahrt nach Andernach zum Kaltwassergeysir 13. Juni AWO-Fr\u00fchlingsfest 12. bis 17. Juli Wochenfahrt nach Endingen am <span class=\"excerpt-dots\">&hellip;<\/span> <a class=\"more-link\" href=\"https:\/\/awo-koenigswinter.de\/?page_id=27\"><span class=\"more-msg\">Weiterlesen &rarr;<\/span><\/a><\/p>\n","protected":false},"author":1,"featured_media":0,"parent":0,"menu_order":4,"comment_status":"closed","ping_status":"closed","template":"","meta":{"footnotes":""},"class_list":["post-27","page","type-page","status-publish","hentry"],"_links":{"self":[{"href":"https:\/\/awo-koenigswinter.de\/index.php?rest_route=\/wp\/v2\/pages\/27","targetHints":{"allow":["GET"]}}],"collection":[{"href":"https:\/\/awo-koenigswinter.de\/index.php?rest_route=\/wp\/v2\/pages"}],"about":[{"href":"https:\/\/awo-koenigswinter.de\/index.php?rest_route=\/wp\/v2\/types\/page"}],"author":[{"embeddable":true,"href":"https:\/\/awo-koenigswinter.de\/index.php?rest_route=\/wp\/v2\/users\/1"}],"replies":[{"embeddable":true,"href":"https:\/\/awo-koenigswinter.de\/index.php?rest_route=%2Fwp%2Fv2%2Fcomments&post=27"}],"version-history":[{"count":47,"href":"https:\/\/awo-koenigswinter.de\/index.php?rest_route=\/wp\/v2\/pages\/27\/revisions"}],"predecessor-version":[{"id":1655,"href":"https:\/\/awo-koenigswinter.de\/index.php?rest_route=\/wp\/v2\/pages\/27\/revisions\/1655"}],"wp:attachment":[{"href":"https:\/\/awo-koenigswinter.de\/index.php?rest_route=%2Fwp%2Fv2%2Fmedia&parent=27"}],"curies":[{"name":"wp","href":"https:\/\/api.w.org\/{rel}","templated":true}]}}

<p>&nbsp;</p>
<table width="948">
<tbody>
<tr>
<td width="165"><strong>AWO-Termine 2026</strong></td>
<td width="34"></td>
<td width="749"></td>
</tr>
<tr>
<td width="165">18.  Februar</td>
<td width="34"></td>
<td width="749">AWO alaaf: Rosenmontagsparty ab 13 Uhr im AWO&#8211;Treff</td>
</tr>
<tr>
<td width="165">01. April</td>
<td width="34"></td>
<td width="749">Fahrt nach Köln &#8222;Kirchen, Kunst und Kölsch&#8220;</td>
</tr>
<tr>
<td width="165">13. Mai</td>
<td width="34"></td>
<td width="749">Fahrt nach Andernach zum Kaltwassergeysir</td>
</tr>
<tr>
<td width="165">13. Juni</td>
<td width="34"></td>
<td width="749">AWO-Frühlingsfest</td>
</tr>
<tr>
<td width="165">12. bis 17. Juli</td>
<td width="34"></td>
<td width="749">Wochenfahrt nach Endingen am Kaiserstuhl</td>
</tr>
<tr>
<td width="165">12. August</td>
<td width="34"></td>
<td width="749">Fahrt nach Hattingen</td>
</tr>
<tr>
<td width="165">09. September</td>
<td width="34"></td>
<td width="749">Fahrt nach Zons</td>
</tr>
<tr>
<td width="165">10. Oktober</td>
<td width="34"></td>
<td width="749">Jahreshauptversammlung 14:00 Uhr und Kartoffelfest 15:00 Uhr</td>
</tr>
<tr>
<td width="165">14. November</td>
<td width="34"></td>
<td width="749">Adventsbasar ab 12:00 Uhr</td>
</tr>
<tr>
<td width="165">02. Dezember</td>
<td width="34"></td>
<td width="749">Weihnachtsfahrt zum Schloss Merode</td>
</tr>
<tr>
<td width="165"></td>
<td width="34"></td>
<td width="749">Der Termin für die Weihnachtsfeier steht noch nicht fest</td>
</tr>
<tr>
<td width="165"></td>
<td width="34"></td>
<td width="749"></td>
</tr>
<tr>
<td width="165"></td>
<td width="34"></td>
<td width="749"></td>
</tr>
<tr>
<td width="165"></td>
<td width="34"></td>
<td width="749"></td>
</tr>
<tr>
<td width="165"></td>
<td width="34"></td>
<td width="749"></td>
</tr>
</tbody>
</table>

<p>&nbsp; AWO-Termine 2026 18.  Februar AWO alaaf: Rosenmontagsparty ab 13 Uhr im AWO&#8211;Treff 01. April Fahrt nach Köln &#8222;Kirchen, Kunst und Kölsch&#8220; 13. Mai Fahrt nach Andernach zum Kaltwassergeysir 13. Juni AWO-Frühlingsfest 12. bis 17. Juli Wochenfahrt nach Endingen am <span class="excerpt-dots">&hellip;</span> <a class="more-link" href="https://awo-koenigswinter.de/?page_id=27"><span class="more-msg">Weiterlesen &rarr;</span></a></p>
