{"id":1540,"date":"2025-03-19T10:37:54","date_gmt":"2025-03-19T10:37:54","guid":{"rendered":"https:\/\/awo-koenigswinter.de\/?page_id=1540"},"modified":"2026-01-13T15:46:07","modified_gmt":"2026-01-13T15:46:07","slug":"rueckblick-2025","status":"publish","type":"page","link":"https:\/\/awo-koenigswinter.de\/?page_id=1540","title":{"rendered":"R\u00fcckblick 2025"},"content":{"rendered":"<p><strong>TAGESFAHRTEN<\/strong><\/p>\n<p>Am Mittwoch, dem 2. April, besichtigten wir wieder unter dem Motto \u201eKirche, Kunst und K\u00f6lsch\u201c die im Jahr 1024 gegr\u00fcndete ehemalige Benediktinerabteil Brauweiler. Nach der F\u00fchrung besuchten wir die Ausstellung, die die wechselvolle Geschichte dieses Ortes zeigt, und kehrten in eine k\u00f6lsche Kneipe ein.<\/p>\n<p><img loading=\"lazy\" decoding=\"async\" class=\"alignnone size-medium wp-image-1519\" src=\"https:\/\/awo-koenigswinter.de\/wp-content\/uploads\/2025\/02\/Brauweiler-300x225.jpg\" alt=\"\" width=\"300\" height=\"225\" srcset=\"https:\/\/awo-koenigswinter.de\/wp-content\/uploads\/2025\/02\/Brauweiler-300x225.jpg 300w, https:\/\/awo-koenigswinter.de\/wp-content\/uploads\/2025\/02\/Brauweiler-1024x768.jpg 1024w, https:\/\/awo-koenigswinter.de\/wp-content\/uploads\/2025\/02\/Brauweiler-768x576.jpg 768w, https:\/\/awo-koenigswinter.de\/wp-content\/uploads\/2025\/02\/Brauweiler.jpg 1280w\" sizes=\"auto, (max-width: 300px) 100vw, 300px\" \/><\/p>\n<p>Am Mittwoch, dem 21. Mai, erkundeten wir die h\u00fcbsche Kleinstadt Br\u00fcggen am Niederrhein. Im Rahmen einer F\u00fchrung besichtigten wir die Burg und die Brachter Wasserm\u00fchle.<\/p>\n<p><img loading=\"lazy\" decoding=\"async\" class=\"alignnone size-medium wp-image-1520\" src=\"https:\/\/awo-koenigswinter.de\/wp-content\/uploads\/2025\/02\/Brueggen-300x200.jpg\" alt=\"\" width=\"300\" height=\"200\" srcset=\"https:\/\/awo-koenigswinter.de\/wp-content\/uploads\/2025\/02\/Brueggen-300x200.jpg 300w, https:\/\/awo-koenigswinter.de\/wp-content\/uploads\/2025\/02\/Brueggen-768x512.jpg 768w, https:\/\/awo-koenigswinter.de\/wp-content\/uploads\/2025\/02\/Brueggen.jpg 900w\" sizes=\"auto, (max-width: 300px) 100vw, 300px\" \/><\/p>\n<p>Am Mittwoch, dem 9. Juli, besuchten wir das Max-Ernst-Museum in Br\u00fchl und besichtigten das Schloss Falkenlust.<\/p>\n<p><strong><img loading=\"lazy\" decoding=\"async\" class=\"alignnone size-full wp-image-1510\" src=\"https:\/\/awo-koenigswinter.de\/wp-content\/uploads\/2025\/01\/Bruehl-max_ernst_jugendfoto.jpg\" alt=\"\" width=\"250\" height=\"140\" \/><\/strong><\/p>\n<p>Am Mittwoch, dem 6. August, ging es nach Venlo kurz hinter der niederl\u00e4ndischen Grenze. Es gabt eine F\u00fchrung durch die sch\u00f6ne Stadt mit mittelalterlicher Architektur. Wir hatten gen\u00fcgend Zeit zum Bummeln durch die Gassen und zum Shoppen in den vielen inhabergef\u00fchrten Einzelhandelsgesch\u00e4ften.<\/p>\n<p><img loading=\"lazy\" decoding=\"async\" class=\"alignnone size-medium wp-image-1522\" src=\"https:\/\/awo-koenigswinter.de\/wp-content\/uploads\/2025\/02\/Venlo-300x200.jpg\" alt=\"\" width=\"300\" height=\"200\" srcset=\"https:\/\/awo-koenigswinter.de\/wp-content\/uploads\/2025\/02\/Venlo-300x200.jpg 300w, https:\/\/awo-koenigswinter.de\/wp-content\/uploads\/2025\/02\/Venlo-1024x682.jpg 1024w, https:\/\/awo-koenigswinter.de\/wp-content\/uploads\/2025\/02\/Venlo-768x512.jpg 768w, https:\/\/awo-koenigswinter.de\/wp-content\/uploads\/2025\/02\/Venlo.jpg 1280w\" sizes=\"auto, (max-width: 300px) 100vw, 300px\" \/><\/p>\n<p>Am Mittwoch, dem 26. November, besuchten wir den bekannten Weihnachtsmarkt in Aachen. Zuvor machte uns eine F\u00fchrung mit den wichtigsten Sehensw\u00fcrdigkeiten der Stadt vertraut.<\/p>\n<p><img loading=\"lazy\" decoding=\"async\" class=\"alignnone size-medium wp-image-1513\" src=\"https:\/\/awo-koenigswinter.de\/wp-content\/uploads\/2025\/01\/Aachen-1-300x200.jpg\" alt=\"\" width=\"300\" height=\"200\" srcset=\"https:\/\/awo-koenigswinter.de\/wp-content\/uploads\/2025\/01\/Aachen-1-300x200.jpg 300w, https:\/\/awo-koenigswinter.de\/wp-content\/uploads\/2025\/01\/Aachen-1-1024x683.jpg 1024w, https:\/\/awo-koenigswinter.de\/wp-content\/uploads\/2025\/01\/Aachen-1-768x512.jpg 768w, https:\/\/awo-koenigswinter.de\/wp-content\/uploads\/2025\/01\/Aachen-1.jpg 1200w\" sizes=\"auto, (max-width: 300px) 100vw, 300px\" \/><\/p>\n<p>_________________________________________________________________________________________________________________________<\/p>\n<p><strong>WOCHENFAHRT<\/strong><\/p>\n<p>Vom 9. bis 14. September ging es in die Fr\u00e4nkische Schweiz<\/p>\n<p>Wir wohnten in dem 4-Sterne-Hotel \u201eKaiseralm\u201c in Bischofsgr\u00fcn, einem kleinen Kurort im Herzen des Naturparks Fichtelgebirge. Das Hotel bot komfortable und gro\u00dfz\u00fcgige G\u00e4stezimmer, ein Hallenschwimmbad sowie eine Wellness-Abteilung. Nach den Ausfl\u00fcgen konnte man sich auf der Terrasse oder an der Bar entspannen.<\/p>\n<p>Tagesausfl\u00fcge f\u00fchrten uns nach Bamberg mit einer Bootsfahrt auf der Regnitz, Forchheim, Coburg, Bayreuth und vieles mehr.<\/p>\n<p><img loading=\"lazy\" decoding=\"async\" class=\"alignnone size-medium wp-image-1512\" src=\"https:\/\/awo-koenigswinter.de\/wp-content\/uploads\/2025\/01\/Fraenkische-Schweiz-300x200.jpg\" alt=\"\" width=\"300\" height=\"200\" srcset=\"https:\/\/awo-koenigswinter.de\/wp-content\/uploads\/2025\/01\/Fraenkische-Schweiz-300x200.jpg 300w, https:\/\/awo-koenigswinter.de\/wp-content\/uploads\/2025\/01\/Fraenkische-Schweiz-768x511.jpg 768w, https:\/\/awo-koenigswinter.de\/wp-content\/uploads\/2025\/01\/Fraenkische-Schweiz.jpg 961w\" sizes=\"auto, (max-width: 300px) 100vw, 300px\" \/> <img loading=\"lazy\" decoding=\"async\" class=\"alignnone size-medium wp-image-1511\" src=\"https:\/\/awo-koenigswinter.de\/wp-content\/uploads\/2025\/01\/Fraenkische-Schweiz-1-300x199.jpg\" alt=\"\" width=\"300\" height=\"199\" srcset=\"https:\/\/awo-koenigswinter.de\/wp-content\/uploads\/2025\/01\/Fraenkische-Schweiz-1-300x199.jpg 300w, https:\/\/awo-koenigswinter.de\/wp-content\/uploads\/2025\/01\/Fraenkische-Schweiz-1-1024x678.jpg 1024w, https:\/\/awo-koenigswinter.de\/wp-content\/uploads\/2025\/01\/Fraenkische-Schweiz-1-768x509.jpg 768w, https:\/\/awo-koenigswinter.de\/wp-content\/uploads\/2025\/01\/Fraenkische-Schweiz-1.jpg 1280w\" sizes=\"auto, (max-width: 300px) 100vw, 300px\" \/><\/p>\n<p>______________________________________________________________________________________________________________________________________<\/p>\n<p>&nbsp;<\/p>\n","protected":false},"excerpt":{"rendered":"<p>TAGESFAHRTEN Am Mittwoch, dem 2. April, besichtigten wir wieder unter dem Motto \u201eKirche, Kunst und K\u00f6lsch\u201c die im Jahr 1024 gegr\u00fcndete ehemalige Benediktinerabteil Brauweiler. Nach der F\u00fchrung besuchten wir die Ausstellung, die die wechselvolle Geschichte dieses Ortes zeigt, und kehrten <span class=\"excerpt-dots\">&hellip;<\/span> <a class=\"more-link\" href=\"https:\/\/awo-koenigswinter.de\/?page_id=1540\"><span class=\"more-msg\">Weiterlesen &rarr;<\/span><\/a><\/p>\n","protected":false},"author":2,"featured_media":0,"parent":34,"menu_order":11,"comment_status":"closed","ping_status":"closed","template":"","meta":{"footnotes":""},"class_list":["post-1540","page","type-page","status-publish","hentry"],"_links":{"self":[{"href":"https:\/\/awo-koenigswinter.de\/index.php?rest_route=\/wp\/v2\/pages\/1540","targetHints":{"allow":["GET"]}}],"collection":[{"href":"https:\/\/awo-koenigswinter.de\/index.php?rest_route=\/wp\/v2\/pages"}],"about":[{"href":"https:\/\/awo-koenigswinter.de\/index.php?rest_route=\/wp\/v2\/types\/page"}],"author":[{"embeddable":true,"href":"https:\/\/awo-koenigswinter.de\/index.php?rest_route=\/wp\/v2\/users\/2"}],"replies":[{"embeddable":true,"href":"https:\/\/awo-koenigswinter.de\/index.php?rest_route=%2Fwp%2Fv2%2Fcomments&post=1540"}],"version-history":[{"count":3,"href":"https:\/\/awo-koenigswinter.de\/index.php?rest_route=\/wp\/v2\/pages\/1540\/revisions"}],"predecessor-version":[{"id":1653,"href":"https:\/\/awo-koenigswinter.de\/index.php?rest_route=\/wp\/v2\/pages\/1540\/revisions\/1653"}],"up":[{"embeddable":true,"href":"https:\/\/awo-koenigswinter.de\/index.php?rest_route=\/wp\/v2\/pages\/34"}],"wp:attachment":[{"href":"https:\/\/awo-koenigswinter.de\/index.php?rest_route=%2Fwp%2Fv2%2Fmedia&parent=1540"}],"curies":[{"name":"wp","href":"https:\/\/api.w.org\/{rel}","templated":true}]}}